ctor of 644676043 and 11?
11
What is the highest common divisor of 6528 and 1241357952?
6528
What is the highest common divisor of 14235 and 15628935?
1095
What is the highest common divisor of 2569 and 1104844692?
2569
Calculate the highest common divisor of 5560092 and 63.
9
Calculate the greatest common factor of 85407 and 383817.
1029
What is the greatest common factor of 34569 and 904590?
207
Calculate the greatest common factor of 3081 and 25382463.
237
What is the greatest common divisor of 64102554 and 18?
18
What is the highest common divisor of 455 and 3677219?
91
Calculate the highest common divisor of 5196349367 and 11.
11
What is the greatest common factor of 6012290 and 1977440?
7270
Calculate the greatest common factor of 2493392 and 28303.
341
Calculate the greatest common factor of 1399049 and 17.
17
What is the highest common divisor of 296 and 2074886?
74
What is the highest common divisor of 62 and 36226631?
31
What is the highest common divisor of 142139992 and 1632?
136
What is the highest common factor of 25631 and 50000685?
1349
What is the highest common factor of 18055 and 345?
115
What is the highest common factor of 1870 and 998756?
22
What is the greatest common factor of 14629032 and 315579?
4323
Calculate the greatest common factor of 68 and 4123333.
17
Calculate the greatest common divisor of 270275939 and 508.
127
Calculate the highest common divisor of 1978 and 53191.
43
What is the greatest common factor of 4768 and 102272?
32
What is the highest common factor of 322 and 1307180?
14
What is the greatest common factor of 12721 and 41?
1
What is the greatest common divisor of 35833230 and 915?
915
Calculate the highest common factor of 32566196 and 416.
52
Calculate the greatest common factor of 3742 and 185311324.
3742
What is the highest common divisor of 77000 and 183700?
1100
Calculate the greatest common factor of 29997117 and 369.
369
Calculate the greatest common divisor of 997108752 and 219.
219
Calculate the highest common divisor of 2885928 and 48.
24
Calculate the greatest common factor of 112707 and 5103.
63
What is the highest common factor of 15 and 78175005?
15
What is the greatest common divisor of 17329 and 5357327?
1333
What is the highest common divisor of 237844875 and 2125?
2125
What is the highest common factor of 13225 and 13241675?
575
What is the greatest common factor of 5309043 and 26906?
1223
Calculate the greatest common factor of 62530 and 118274.
26
What is the greatest common divisor of 3880 and 113876060?
1940
Calculate the greatest common divisor of 158 and 28747231.
79
Calculate the greatest common divisor of 8850838 and 226.
226
Calculate the greatest common factor of 6890 and 56598170.
530
What is the highest common divisor of 3075760054 and 782?
782
Calculate the greatest common divisor of 45 and 36353799.
9
Calculate the highest common factor of 15585 and 13148545.
5195
What is the highest common factor of 133290057 and 246?
123
Calculate the highest common divisor of 7192 and 119928398.
1798
What is the highest common factor of 45 and 13569645?
15
Calculate the greatest common factor of 44 and 2913724.
44
What is the highest common factor of 1192718 and 8873?
467
Calculate the greatest common factor of 2918 and 77649439.
1459
Calculate the greatest common divisor of 799 and 1199534.
47
Calculate the greatest common factor of 135 and 624568833.
27
What is the highest common divisor of 183365 and 123201?
169
Calculate the highest common divisor of 55901911 and 1751.
103
Calculate the highest common divisor of 238149310 and 33570.
3730
Calculate the greatest common factor of 1267 and 51703736.
1267
Calculate the highest common factor of 548 and 10064157.
137
Calculate the highest common factor of 7213714 and 6716.
146
Calculate the highest common factor of 136345 and 200.
5
Calculate the highest common divisor of 7820 and 258400.
340
What is the highest common divisor of 458 and 667131960?
458
Calculate the greatest common divisor of 327 and 28728258.
327
Calculate the greatest common factor of 45866338 and 756.
14
Calculate the greatest common divisor of 1093557 and 4878771.
2283
Calculate the highest common factor of 140 and 25224164.
28
What is the greatest common factor of 12078342 and 33313?
4759
What is the greatest common factor of 427 and 3545381?
427
Calculate the greatest common factor of 3735942 and 336.
42
What is the greatest common factor of 64 and 934328?
8
Calculate the highest common divisor of 115530156 and 140.
28
What is the greatest common factor of 203 and 43362830?
203
Calculate the greatest common factor of 30470065 and 5.
5
What is the greatest common factor of 1167751661 and 1217?
1217
What is the greatest common factor of 99037 and 317531?
1021
Calculate the greatest common factor of 209032 and 6837.
53
Calculate the highest common divisor of 43794 and 4050.
54
Calculate the greatest common factor of 29627120 and 26054.
3722
What is the highest common divisor of 4683 and 2680683?
669
What is the highest common factor of 2967 and 15886307?
989
Calculate the highest common factor of 284606 and 187166.
406
What is the greatest common factor of 2 and 22756944?
2
Calculate the highest common factor of 43083570 and 2655.
885
What is the greatest common factor of 280 and 1246490?
70
Calculate the greatest common divisor of 393804 and 7164.
36
What is the highest common factor of 132 and 1475268?
12
Calculate the highest common divisor of 4369 and 9131210.
4369
What is the greatest common divisor of 6650410 and 1040?
130
Calculate the highest common factor of 14795215 and 2120.
265
Calculate the highest common divisor of 1262954 and 58.
2
Calculate the highest common factor of 1933113 and 3549.
273
What is the highest common factor of 207 and 1384738?
23
Calculate the highest common factor of 474946752 and 12159.
4053
What is the highest common divisor of 169 and 410725705?
13
Calculate the greatest common divisor of 2984 and 168003676.
1492
Calculate the highest common factor of 50369 and 15895.
11
What is the highest common factor of 13417776 and 234?
18
Calculate the greatest common divisor of 102 and 11755449.
51
What is the greatest common divisor of 42625 and 46640957?
341
Calculate the greatest common divisor of 95 and 117822325.
95
Calculate the greatest common factor of 8893260 and 1720.
860
Calculate the highest common factor of 4539 and 199971.
51
Calculate the greatest common factor of 1712110 and 47263.
313
What is the greatest common divisor of 10288390 and 40?
10
What is the highest common divisor of 1408 and 219917368?
88
Calculate the greatest common factor of 45635250 and 25.
25
What is the greatest common factor of 98 and 1610329?
7
What is the greatest common divisor of 1696 and 14752?
32
What is the highest common factor of 10293 and 21009?
141
Calculate the greatest common factor of 1296 and 335889936.
432
What is the greatest common factor of 13511 and 3127?
59
Calculate the highest common divisor of 85 and 4361333.
17
What is the greatest common divisor of 222405 and 23355?
15
What is the greatest common factor of 1633644 and 28704?
276
Calculate the highest common divisor of 158587 and 57863.
13
Calculate the highest common factor of 9856 and 67586176.
896
What is the highest common divisor of 2601450 and 4510?
410
What is the greatest common divisor of 7863392 and 64?
32
What is the highest common factor of 4406574 and 18?
6
Calculate the greatest common factor of 43845 and 71337.
237
Calculate the highest common divisor of 242347 and 16678375.
2723
What is the greatest common divisor of 1612 and 113655424?
124
Calculate the highest common divisor of 139308820 and 7300.
1460
What is the greatest common factor of 32959760 and 7080?
2360
Calculate the greatest common factor of 374341635 and 135.
135
What is the greatest common factor of 6864 and 643071?
429
What is the highest common factor of 1927960 and 584?
8
Calculate the greatest common divisor of 104 and 169646542.
26
What is the highest common factor of 2004 and 107964498?
1002
What is the highest common factor of 17403991 and 733637?
8839
Calculate the highest common factor of 35 and 8657600.
35
Calculate the greatest common divisor of 274656 and 13638387.
8583
Calculat